r when 701 is divided by 220.
41
What is the remainder when 18002 is divided by 32?
18
Calculate the remainder when 161847 is divided by 941.
936
Calculate the remainder when 4697 is divided by 261.
260
Calculate the remainder when 166960 is divided by 55.
35
What is the remainder when 46554 is divided by 39?
27
Calculate the remainder when 352584 is divided by 6.
0
What is the remainder when 1094647 is divided by 934?
933
What is the remainder when 492469 is divided by 35174?
33
What is the remainder when 3268 is divided by 365?
348
What is the remainder when 43043 is divided by 615?
608
What is the remainder when 27359 is divided by 13624?
111
Calculate the remainder when 17885 is divided by 68.
1
Calculate the remainder when 5299 is divided by 165.
19
What is the remainder when 350570 is divided by 70114?
0
What is the remainder when 27036 is divided by 10?
6
What is the remainder when 273 is divided by 99?
75
Calculate the remainder when 16666 is divided by 8326.
14
What is the remainder when 217742 is divided by 144?
14
Calculate the remainder when 1911 is divided by 293.
153
Calculate the remainder when 1455 is divided by 13.
12
What is the remainder when 9561 is divided by 952?
41
What is the remainder when 372341 is divided by 107?
88
What is the remainder when 141291 is divided by 617?
615
What is the remainder when 2863 is divided by 1457?
1406
Calculate the remainder when 29925 is divided by 24.
21
Calculate the remainder when 1268390 is divided by 333.
326
Calculate the remainder when 73977 is divided by 24572.
261
What is the remainder when 2710 is divided by 4?
2
What is the remainder when 7035 is divided by 1400?
35
What is the remainder when 74429 is divided by 76?
25
Calculate the remainder when 4550 is divided by 175.
0
What is the remainder when 5114 is divided by 971?
259
What is the remainder when 1049 is divided by 1026?
23
What is the remainder when 232733 is divided by 4391?
10
Calculate the remainder when 9257 is divided by 9.
5
What is the remainder when 96139 is divided by 67?
61
Calculate the remainder when 8221 is divided by 828.
769
Calculate the remainder when 1788 is divided by 584.
36
What is the remainder when 6896 is divided by 12?
8
What is the remainder when 400852 is divided by 8?
4
Calculate the remainder when 1279 is divided by 40.
39
Calculate the remainder when 637 is divided by 239.
159
What is the remainder when 269880 is divided by 186?
180
Calculate the remainder when 4234599 is divided by 20.
19
What is the remainder when 14605 is divided by 385?
360
Calculate the remainder when 16650 is divided by 574.
4
What is the remainder when 7401 is divided by 11?
9
Calculate the remainder when 398439 is divided by 33.
30
Calculate the remainder when 31918 is divided by 80.
78
What is the remainder when 60690 is divided by 101?
90
What is the remainder when 1100 is divided by 201?
95
What is the remainder when 61989 is divided by 233?
11
What is the remainder when 278133 is divided by 563?
11
What is the remainder when 2933 is divided by 713?
81
What is the remainder when 1342 is divided by 78?
16
What is the remainder when 3398 is divided by 38?
16
What is the remainder when 35107 is divided by 3239?
2717
What is the remainder when 63729 is divided by 17?
13
What is the remainder when 19510 is divided by 194?
110
What is the remainder when 270829 is divided by 730?
729
What is the remainder when 1719 is divided by 1630?
89
Calculate the remainder when 65033 is divided by 112.
73
What is the remainder when 1835 is divided by 1832?
3
Calculate the remainder when 6512315 is divided by 839.
836
What is the remainder when 310248 is divided by 103413?
9
What is the remainder when 17736 is divided by 17526?
210
What is the remainder when 1661 is divided by 3?
2
What is the remainder when 210355 is divided by 391?
388
Calculate the remainder when 2969 is divided by 595.
589
Calculate the remainder when 14746 is divided by 644.
578
Calculate the remainder when 1307 is divided by 81.
11
Calculate the remainder when 18157 is divided by 965.
787
Calculate the remainder when 105711 is divided by 212.
135
What is the remainder when 6958 is divided by 10?
8
Calculate the remainder when 51695 is divided by 198.
17
Calculate the remainder when 6144 is divided by 1008.
96
Calculate the remainder when 34717 is divided by 257.
22
Calculate the remainder when 1901 is divided by 31.
10
Calculate the remainder when 4694 is divided by 315.
284
Calculate the remainder when 3392 is divided by 959.
515
What is the remainder when 569 is divided by 139?
13
What is the remainder when 11513 is divided by 769?
747
What is the remainder when 91707 is divided by 156?
135
Calculate the remainder when 20609 is divided by 3414.
125
What is the remainder when 1327 is divided by 126?
67
What is the remainder when 3391085 is divided by 87?
86
What is the remainder when 23947 is divided by 9?
7
Calculate the remainder when 1416 is divided by 796.
620
What is the remainder when 12224 is divided by 15?
14
Calculate the remainder when 3702949 is divided by 44.
41
What is the remainder when 60504 is divided by 620?
364
What is the remainder when 286693 is divided by 2331?
2311
Calculate the remainder when 1261 is divided by 125.
11
What is the remainder when 16128 is divided by 10?
8
What is the remainder when 11661 is divided by 531?
510
Calculate the remainder when 19318 is divided by 51.
40
What is the remainder when 326 is divided by 88?
62
Calculate the remainder when 3902 is divided by 1951.
0
Calculate the remainder when 227497 is divided by 263.
2
What is the remainder when 3311 is divided by 233?
49
Calculate the remainder when 866 is divided by 845.
21
What is the remainder when 16090 is divided by 28?
18
Calculate the remainder when 595 is divided by 180.
55
What is the remainder when 1215 is divided by 324?
243
Calculate the remainder when 4517 is divided by 377.
370
Calculate the remainder when 1937 is divided by 60.
17
Calculate the remainder when 181541 is divided by 13.
9
What is the remainder when 3641 is divided by 87?
74
Calculate the remainder when 33308 is divided by 901.
872
What is the remainder when 192776 is divided by 263?
260
Calculate the remainder when 2350 is divided by 30.
10
What is the remainder when 1280337 is divided by 540?
537
What is the remainder when 34219 is divided by 236?
235
Calculate the remainder when 2282 is divided by 945.
392
Calculate the remainder when 137 is divided by 50.
37
What is the remainder when 16376 is divided by 1362?
32
What is the remainder when 732800 is divided by 3?
2
What is the remainder when 2101 is divided by 213?
184
What is the remainder when 66629 is divided by 16655?
9
What is the remainder when 4443 is divided by 22?
21
What is the remainder when 65988 is divided by 16496?
4
What is the remainder when 8031 is divided by 1145?
16
Calculate the remainder when 5443 is divided by 494.
9
Calculate the remainder when 11693 is divided by 780.
773
Calculate the remainder when 3339 is divided by 1109.
12
What is the remainder when 16760 is divided by 3351?
5
Calculate the remainder when 19076 is divided by 6.
2
Calculate the remainder when 13467 is divided by 364.
363
What is the remainder when 515615 is divided by 1521?
1517
Calculate the remainder when 2027 is divided by 149.
90
Calculate the remainder when 958796 is divided by 81.
80
What is the remainder when 2381 is divided by 1921?
460
What is the remainder when 16186 is divided by 899?
4
What is the remainder when 737610 is divided by 48?
42
Calculate the remainder when 1577 is divided by 73.
44
Calculate the remainder when 43192 is divided by 28.
16
What is the remainder when 6051 is divided by 7?
3
What is the remainder when 5477 is divided by 121?
32
What is the remainder when 145922 is divided by 242?
238
What is the remainder when 713 is divided by 230?
23
What is the remainder when 25055 is divided by 187?
184
Calculate the remainder when 27871 is divided by 165.
151
Calculate the remainder when 671612 is divided by 35.
32
What is the remainder when 315321 is divided by 157651?
19
What is the remainder when 63254 is divided by 24?
14
What is the remainder when 15518 is divided by 10?
8
What is the remainder when 3195